103 = -3*y. What is the tens digit of y?
3
What is the units digit of (-3)/(-15) + 298/10?
0
What is the units digit of ((-592)/20)/((-4)/10)?
4
Suppose -2*d = -d - 35. What is the tens digit of d?
3
Let n = -5 + 4. Let q = 3 + n. Suppose 0*g = -q*g + 8. What is the units digit of g?
4
Suppose -3*i = -40 - 80. What is the tens digit of i?
4
Suppose 5*g = 520 + 850. What is the tens digit of g?
7
Let r(c) be the second derivative of c**4/12 + 9*c. Suppose h = -3*q + 5*h - 17, 4*h = -5*q + 25. What is the units digit of r(q)?
1
Suppose -13*q = -10*q - 645. What is the hundreds digit of q?
2
Let q be (-4)/10 - (-92)/5. Suppose 3*h + r = -18, -3*h - q = 2*r - 0*r. What is the units digit of 11/2 + (-3)/h?
6
Let l(q) be the second derivative of -q**4/24 + q**3/3 - 3*q**2/2 - q. Let a(i) be the first derivative of l(i). What is the units digit of a(-6)?
8
Suppose 4*j = 3*j + 22. Let n = j + -16. What is the units digit of n?
6
What is the tens digit of (-17)/(17/6)*(-25)/2?
7
Suppose 58 = 2*s - 0*s. Let u = s - 16. What is the tens digit of u?
1
Suppose 4*t - 37 = 5*f, -3*t = -f + 2*f - 4. Suppose -m + 6 + t = 0. What is the units digit of m?
9
Let i(d) = -d**2 - 2*d - 1. Let q be i(-2). Let a(g) = -g**3 - 6*g**2 - 4*g + 6. Let c be a(-5). Let n = c - q. What is the units digit of n?
2
Suppose -4*r - l + 17 + 8 = 0, 2*l + 4 = r. What is the tens digit of (r + 0)/(1/2)?
1
Let c(g) = -g**3 + 12*g**2 - 9*g - 3. What is the units digit of c(11)?
9
Let i(d) = 2*d - 2. Let f(j) = j - 1. Let y(u) = 7*f(u) - 3*i(u). Suppose -5*g + 5*p + 45 = 0, -4*p - 41 = -5*g - 0*p. What is the units digit of y(g)?
4
Let t(f) = 3*f**2 + 7*f - 3. Let u be t(5). Suppose 2*l = -6, -5*c = 3*l + u - 18. What is the units digit of (0 + c/6)*-3?
8
Suppose -3*u + 49 + 65 = 0. What is the units digit of u?
8
Suppose 2*k - 6 = 4*k. Let r be k/(-3)*(0 + 7). Suppose -2*d - 5*g = r, 3*d + g - 5*g = 24. What is the units digit of d?
4
Suppose q = 4*q - 309. Suppose 4*r = -23 + q. What is the tens digit of r?
2
Suppose 5*o = 32 + 3. Let y = o + -2. What is the units digit of y?
5
Let w(i) = i**3 - 6*i**2 - 7*i + 4. Let o be w(7). Let g = -2 + o. Let r(x) = 3*x**2 - 3*x. What is the units digit of r(g)?
6
Suppose -5*n + n + 240 = 0. What is the tens digit of n?
6
Let b be ((-84)/(-18))/((-4)/(-6)). Let d be 6 - (-1 + 0 + 3). Let k = b - d. What is the units digit of k?
3
Suppose -2*l = -6*l + 12. What is the units digit of (4/l)/((-2)/(-3))?
2
Let w = 40 + 83. Suppose -5*t - 4*o = -w, 0*t + o + 111 = 4*t. What is the tens digit of t?
2
Let f = -15 + 18. Suppose 2*t - f = 3. What is the units digit of t?
3
Let u be -12*(-5)/(10/3). Suppose o = -0*o + u. What is the tens digit of o?
1
Let t(p) = -4*p + 6. Let z(u) = -u. Let a(d) = t(d) - 3*z(d). Let v be a(6). Suppose -4*x = -v*x - 44. What is the tens digit of x?
1
Suppose 3*x = -g + 3, -4*g + 0*g - 33 = -3*x. What is the tens digit of 9/g*(-26)/3?
1
Let w(a) = -a + 11. Suppose -2*c + 22 = -2*h, -2*c + 3*h + 25 = -2. Let f be w(c). Suppose -x - 38 = -f*b, -5*b + 3*x - 4*x = -42. What is the units digit of b?
8
Let g be (-1)/((4 + -3)/(-5)). Let v = -3 + g. Let s(y) = 2*y**3 - 3*y**2 + 3*y - 1. What is the units digit of s(v)?
9
Let n(k) = -3*k - 7. Let j(a) = 7*a + 15. Let o(z) = -3*j(z) - 5*n(z). What is the units digit of o(-4)?
4
Let l = -89 - -111. What is the units digit of l?
2
Let v be (2 + -6)/(-1 + -1). Let q = 2 + 2. Suppose 5*n + 10 = l + q*l, n + 8 = v*l. What is the units digit of l?
6
Suppose -350 = -5*z - 5*j, 3*j - 164 - 113 = -4*z. What is the tens digit of z?
6
Let j be 2/6 - 1/3. Suppose n - 5*x - 5 = j, n - 2 = 4*x + 4. What is the tens digit of n?
1
Let c(v) = 2*v - 6. Let p be c(4). Suppose 124 = 4*m - 5*o, -p*m = -0*o + 4*o - 36. What is the tens digit of m?
2
Let w(i) = -i**3 + 5*i**2 - i - 2. Let y be w(6). Let b = 64 + y. Let n = -12 + b. What is the units digit of n?
8
What is the tens digit of 766/14 - (-14)/49?
5
Suppose -163 = -3*g + a, -4*g - 5*a = -0*g - 249. What is the units digit of g?
6
Suppose 5*i - 22 = z, -5*z - 10 = -0*z. Suppose -5*q + 130 = -5*l, i*q - 4*l = 9*q - 166. What is the units digit of q?
0
Let s = -19 + 3. Let z = -3 - s. What is the tens digit of z?
1
Suppose 4*n + 2*g - 134 = 0, -2*n - 4*g = -2*g - 72. What is the units digit of n?
1
Let b = 67 - 65. What is the units digit of b?
2
Let i be -1 - 2 - 24/8. What is the units digit of (i/(-4))/(9/6)?
1
What is the tens digit of (14/(-3))/((-2)/21)?
4
Let r(o) = 0*o + 0*o - 1 + o + 0*o. What is the units digit of r(3)?
2
Let y(a) = a**2 + 2*a - 4. Let b be y(-3). Let s be -4 + 47 + (b - -1). Let z = s + -27. What is the tens digit of z?
1
Suppose 5*v - 16 = -4*u, -5*v - 6 - 2 = -2*u. Suppose v*a - 80 = -4*a. What is the units digit of a?
0
Let r(v) = -v**2 - 5*v + 3. Let c(o) = 1. Let q(g) = 5*c(g) + r(g). Let x be q(-6). Let i(s) = 2*s - 2. What is the units digit of i(x)?
2
Let p be (-6)/(-18) - (-32)/3. Let b(f) = f - 3. What is the units digit of b(p)?
8
Suppose 2*w - 3 = -w. Let p = w + 20. Suppose 0 = -2*j - 5*g + 3*g + 6, 0 = 2*j - g - p. What is the units digit of j?
8
Suppose -s + 23 = 2*n, -2*n + 49 = 4*s - 55. Suppose 6 = 3*t, 0*t - 4*t = -5*d + s. What is the units digit of d?
7
Let v(n) = 32*n - 2. What is the units digit of v(1)?
0
Suppose -2*i = q - 0 + 1, -3*i + q = -11. Suppose -p + 52 = 5*g, -i*g - 2*p = g - 27. What is the tens digit of g?
1
Let u = 112 - 40. What is the tens digit of u?
7
Suppose -5*v + 2*r + 19 = -0, -3*r + 9 = 0. What is the tens digit of v/(-5) + (-2 - -30)?
2
Suppose -o - 4*t = -10, -3*t - 9 = -6*t. What is the tens digit of 69/o*6/(-9)?
2
Let d(v) = -v**2 - 2*v**2 + 2 - 3*v + v - v**3 - 4*v**2. What is the tens digit of d(-7)?
1
What is the tens digit of ((-5)/(-4))/(6/96)?
2
Suppose -3*u + 2*t = -0*u + 6, 0 = 4*t. Let l(z) = -3*z**2 - 5*z - 2. Let j(g) = -g**2 - g - 1. Let h(o) = -2*j(o) + l(o). What is the units digit of h(u)?
2
Suppose 0 = s + 3*r + 7 + 11, -4*r = -5*s + 5. What is the units digit of (-5 - s)/(2/(-12))?
2
Suppose 5*h = 1 + 9. Suppose -h*w = -5*k - 10, -5*w + 0*k + 5*k = -40. What is the units digit of w?
0
Let s(a) = -6*a + 8*a + 7 + 2*a**2 - 3*a**2 + 11*a. What is the tens digit of s(12)?
1
Let m = 2 - -3. What is the units digit of 5/3*(4 + m)?
5
Let g be (9/(-15))/((-2)/130). Suppose 12 - g = -k. What is the tens digit of k?
2
Let o(t) = -t**2 - 4*t + 2. Let q be o(-4). Suppose -q*u = -m + 5*m - 66, 4*m - 20 = 0. What is the tens digit of u?
2
Let w(r) be the second derivative of r**5/20 + r**4/2 + 2*r**3/3 - r**2 - 4*r. What is the units digit of w(-5)?
3
What is the units digit of (1 - 1) + (-92)/(-4)?
3
Suppose -22 - 6 = -2*d. Suppose -4*t - g + d = 0, 4*g = 2*g + 4. What is the units digit of (t/(-4))/((-2)/8)?
3
Let o(c) = c - 6. Let j be o(6). Suppose y + y = j. What is the units digit of 1 + -3 - -8 - y?
6
Let k be (2 + 2 - -1)/1. Suppose -5*r - 5 = 20, 53 = 2*h - k*r. What is the tens digit of h?
1
Suppose -4 = h - 3*k - k, -2*h + k = -13. Suppose -2*g + h = -g. What is the units digit of g?
8
Suppose 2*u = 1 + 3. Let t(f) = -f**3 - 5*f**2 - 4*f + 5. Let s be t(-4). What is the units digit of 148/20 - u/s?
7
Let a be (-2)/3*(-9)/(-2). Let p = a - -13. What is the units digit of p?
0
Let p be (5/5 - 4/(-12))*6. Let i(w) be the second derivative of -w**4/12 + 5*w**3/3 - 4*w**2 + w. What is the units digit of i(p)?
8
Let a(q) = -q**2 - q - q**2 + 4*q**3 - q**3 + 4. Let l be a(-3). What is the units digit of (-1)/(-2) - l/8?
2
Suppose 7*y - 957 = 912. What is the tens digit of y?
6
What is the tens digit of (-108)/(-2) + (-2)/2?
5
Let q = 36 - 8. What is the tens digit of q?
2
Let h(o) = 0 - 4 + 0*o - 2*o + 0. Let y = -4 + 1. What is the units digit of h(y)?
2
Let d(k) = -k**3 - k - 2*k**2 - 1 + 7*k**2 + 0. What is the units digit of d(4)?
1
Let k = 2 + -8. What is the units digit of (-8)/(-3) + 4/k?
2
Suppose -46 + 4 = -3*h. What is the units digit of h?
4
Let a(s) = s**3 + 4*s**2 - 5*s + 3. Let o be a(-5). Suppose o*v + 1 = -17. Let m = -4 - v. What is the units digit of m?
2
Suppose 4*s + 3*z + 5 - 35 = 0, -z = 4*s - 34. What is the units digit of s?
9
What is the units digit of (-1 - 0)*(-84 + 13)?
1
Suppose 0 = 4*d + r - 76, -4 = -3*d + 3*r + 68. What is the un